common divisor of j and p.
12
Suppose -3*p + 72 - 24 = 0. Suppose -4*c - 8 = 5*n, -2*c = c + 5*n + 6. Let a be 175 + c/(1 - 3). What is the highest common divisor of a and p?
16
Let r be 4*2/24*-51. Let c = 22 + r. Calculate the highest common divisor of 5 and c.
5
Let h = -178 + 47. Let j = h + 183. Suppose -s + 5*s = j. Calculate the highest common divisor of 143 and s.
13
Let z(g) = 3*g**3 + g**2 + 4. Let h be z(2). What is the highest common factor of h and 160?
32
Suppose -4*k + 5 = -3*x - 16, -2*x + 2 = 0. Let u = k - -18. Calculate the greatest common divisor of 8 and u.
8
Let b be (-12)/(-36) + 105/9. What is the highest common factor of 84 and b?
12
Let j = -22 + 28. Let u(k) = 2*k**2 + 6*k + 4. Let f be u(-5). What is the greatest common factor of f and j?
6
Suppose 50 - 260 = -14*o. What is the greatest common divisor of o and 5?
5
Let t(j) = -11*j**3 + 5*j - 6. Let c(f) = f - 1. Let k(l) = 6*c(l) - t(l). Let s be k(1). Calculate the greatest common factor of 24 and s.
12
Let v = 3 + 15. Calculate the greatest common factor of v and 72.
18
Suppose -12*a = -13*a + 16. What is the highest common factor of 32 and a?
16
Let v be (-1)/(-1) - (-75)/1. Suppose -3*l + 0*l - 4*y + 37 = 0, -4*l = -3*y - 91. Calculate the greatest common factor of v and l.
19
Suppose h - 556 = -2*f, 2*f + 4*h - 271 = f. Calculate the greatest common factor of 31 and f.
31
Suppose -4*q + 47 + 29 = 0. Calculate the highest common divisor of q and 152.
19
Let h = 73 - 49. Let t(z) = z**2 + 6*z + 8. Let r be t(-7). Let n = r - 3. What is the highest common factor of n and h?
12
Let d(w) = 35*w**2 - 5*w - 2. Let x(p) = -52*p**2 + 7*p + 3. Let r(i) = -7*d(i) - 5*x(i). Let n be r(-1). Calculate the highest common divisor of 42 and n.
14
Let d(c) = -c**3 - 11*c**2 - 12*c - 4. Let y be d(-10). Let l(n) = n**3 - 6*n**2 + 7*n - 2. Let a be l(6). What is the highest common factor of y and a?
8
Let o be (66/55)/((-2)/(-20)). Calculate the greatest common divisor of 132 and o.
12
Let o be ((-1)/2)/(20/(-120)). What is the greatest common factor of o and 4?
1
Let j(y) = y**3 + 4*y**2 + 3. Let l be j(-2). Calculate the greatest common divisor of 11 and l.
11
Let l = 4 + 18. What is the greatest common factor of l and 33?
11
Let r(l) = -l**2 + 9*l + 1. Let j be r(9). Let h(d) = 69*d**2 + d. Let f be h(j). What is the highest common divisor of f and 28?
14
Let l = 144 + -115. What is the highest common divisor of 145 and l?
29
Suppose 3*q = -n + 23 + 20, -n = 5*q - 75. What is the greatest common factor of 128 and q?
16
Let i be -11*(12/(-3) + -1). Suppose s = -4*s + i. Calculate the greatest common factor of 88 and s.
11
Let u(q) = 3*q**3 + q**2 - 4*q + 5. Let d be u(2). What is the greatest common factor of 10 and d?
5
Let p = -20 - -22. Suppose 85 = 5*h - p*x, -2*x = 3*h - 48 + 13. What is the highest common factor of 15 and h?
15
Let g = 9 - 3. Let c = 12 - g. Let k be (-30)/(-2) + 2 - 2. What is the highest common factor of k and c?
3
Let a(k) = -k**3 - 5*k**2 - 4*k + 4. Let s be a(-5). Calculate the greatest common factor of s and 30.
6
Suppose 0*t = -t + 13. Let b = t - 27. Let u = b + 35. Calculate the greatest common factor of 3 and u.
3
Suppose -s = 4*a + 2 - 49, 0 = -5*a - 5*s + 40. What is the highest common factor of 65 and a?
13
Suppose 0 = -8*t + 3*t + 345. Calculate the greatest common divisor of t and 46.
23
Let f = -887 - -895. Suppose 2*t - 6*t = -16. Suppose 4*x - 28 = j - 3*j, t*j = 2*x + 6. What is the highest common divisor of j and f?
4
Let l(j) = j**2 - j + 81. Let g be l(0). What is the greatest common factor of 9 and g?
9
Let x = -4 - -7. Suppose 3*t - 5*g = -3, 0*t - 3*g - 11 = -5*t. Suppose 28 = 2*h - t*n, -45 = -3*h - n - 10. What is the highest common factor of x and h?
3
Let n = 139 + -52. What is the highest common divisor of 29 and n?
29
Suppose d - 16 - 3 = 0. Let z = d + -9. Let v(s) = -6*s - 1. Let c be v(-1). Calculate the greatest common factor of z and c.
5
Let b be (33/2)/(2/4). Suppose -10*z - 2 = -32. Calculate the greatest common divisor of z and b.
3
Let b be (-24)/(-10) - 4/10. Suppose b*x - 54 = -x. Let f be (-99)/(-1*2/4). Calculate the greatest common factor of x and f.
18
Let c = 5 + -1. Let p = -4 + 6. Suppose 70 = v + 4*v - p*b, -3*v + 3*b = -33. Calculate the greatest common factor of v and c.
4
Let m(x) = -19*x - 2. Let s be m(-2). What is the greatest common divisor of s and 144?
36
Suppose 5*i = z - 49, 2*i + 128 - 6 = 2*z. Suppose -z = -5*c - 4. Suppose -5*o - 10 = 5*y, -2*o + 2 + 0 = 4*y. What is the highest common divisor of y and c?
3
Let x be 4/14 - (160/28)/(-1). Calculate the greatest common divisor of x and 6.
6
Let k = -6 + 8. Let i(r) = r**3 - 4*r + 3. Let s be i(k). Suppose s + 1 = 2*d. What is the highest common divisor of d and 22?
2
Suppose -35 = 4*h + 57. Let s = 63 + h. What is the highest common divisor of s and 5?
5
Let s be (-2)/(-6) + 51/9. Let a(m) = -m**3 + 2*m. Let i be a(-2). Suppose 4 = -3*l + i*l. Calculate the highest common factor of s and l.
2
Let f be -1 - 53/(0 + -1). Let s be 5/((-15)/(-6)) + f. Calculate the greatest common divisor of 18 and s.
18
Suppose -r + d + 37 = 0, 3*r + r - 3*d - 151 = 0. Let m = 124 - 64. What is the greatest common divisor of m and r?
20
Suppose 9 = 5*i - b - 0, -4*b = -5*i + 21. Let d be 6/4 + 3/6. Calculate the highest common divisor of d and i.
1
Suppose -b - 7 = 2*h + h, 5*h - 7 = 3*b. Let a(k) = k**3 + 4*k**2 + k + 1. Let r be a(b). Let p = 4 + r. Calculate the greatest common factor of p and 2.
1
Let b = -33 - -78. Calculate the greatest common factor of b and 30.
15
Suppose 6*m - 2*m + 5*b = 147, -3*b - 24 = -m. Calculate the highest common factor of 11 and m.
11
Let r(a) = a**3 - 2*a**2 - a - 3. Let h(z) = 3*z - 3. Let s be h(2). Let f be r(s). Calculate the greatest common divisor of 1 and f.
1
Let n(s) be the second derivative of -s**3/6 + 8*s**2 - 2*s. Let a be -1 + (-2)/(-1) + -1. Let f be n(a). Calculate the highest common factor of f and 40.
8
Let n(g) = 27*g - 3. Let c be n(9). Calculate the greatest common divisor of 30 and c.
30
Let a = 53 + -50. What is the greatest common factor of 1 and a?
1
Suppose -3 = -3*x - 4*b + 6, 0 = -2*x - 2*b + 6. Suppose x*s - 27 = -0*s. Calculate the greatest common factor of 6 and s.
3
Let l(y) = -y**3 - 5*y**2 + 4*y + 7. Let w be l(-5). Let k = -4 - w. Suppose 0 = -j - 3*j + 36. Calculate the highest common divisor of k and j.
9
Suppose -2*g = 5*o + 27 - 9, -g - 6 = o. Let h be 0/((-1 - 0)*o). Suppose h = 2*b - 8. What is the highest common divisor of 44 and b?
4
Let c be ((-9)/3 - -2) + -5. Let x be 0 + (-1 - (c - -2)). Suppose -x*d + 13 = 5*n, 2*d + 0 = -2*n + 14. Calculate the greatest common divisor of d and 55.
11
Let t(y) be the second derivative of y**3/6 - 5*y**2/2 + y. Let f be t(11). What is the greatest common factor of f and 12?
6
Let g = 0 + 6. Let j = g + -4. Suppose 5*m + 4*r - 213 = r, -m + 40 = -j*r. Calculate the highest common divisor of m and 14.
14
Suppose -4*a + 12 + 46 = 2*s, -4*s + 4 = 0. Suppose -3*m - l + 84 = 0, -5*m - 2*l = -57 - 83. Calculate the highest common divisor of m and a.
14
Let f be 15/10*(-2)/(-1). Suppose -3*d + 5*h + 20 = -36, 4*h + 58 = f*d. Calculate the highest common factor of 33 and d.
11
Let h(s) = -s + 2. Let p(l) = -2*l + 3. Let z(q) = 6*h(q) - 4*p(q). Let w be z(9). Calculate the highest common factor of w and 6.
6
Let t(f) = -6*f + 6. Let w be t(-4). What is the greatest common factor of 240 and w?
30
Let q = 27 + -9. Calculate the highest common divisor of 2 and q.
2
Let c(n) = -n**3 + 11*n**2 - 6*n - 4. Let g be c(9). Let w = -6 + 32. What is the greatest common divisor of g and w?
26
Let t(r) = -2*r**3 - 3*r**2 + 2*r - 4. Let n be t(-3). Suppose -n = -3*z - 4*o, 2*z + 2*o - 30 = 4*o. Calculate the highest common divisor of 77 and z.
11
Let s be -2 + ((-6)/(-10))/(2/30). What is the highest common factor of s and 7?
7
Let m be -10*(52/20 + -3). What is the greatest common factor of m and 10?
2
Let v(p) = -p + 31. Let a be v(-13). What is the highest common factor of a and 110?
22
Let t(s) = -s**3 - 9*s**2 + 17*s - 11. Let p be t(-11). Calculate the highest common factor of 4 and p.
4
Let k(z) = 7*z + 8 - 1 - 7*z**2 + 9*z**2. Let g be k(-5). What is the high